 - 76. Calculate the remainder when 75 is divided by s.
37
Suppose -6*a + 501 = -537. Let c be 16643/55 - (-3 + (-52)/(-20)). Let p = c - a. Calculate the remainder when p is divided by 22.
20
Suppose 0 = 4*z + 11 - 15. Suppose -21 + z = -4*t + 3*w, -8 = 2*w. What is the remainder when 35 is divided by t?
1
Suppose 0 = 60*z - 345 - 435. What is the remainder when 36 is divided by z?
10
Let p(w) = -w**3 - 2*w**2 - 3*w - 5. Let s be p(-2). Let z(k) = 6 - 3 - k + 4 + s. Calculate the remainder when 3 is divided by z(5).
0
Let b(h) = 35*h - 430. What is the remainder when 189 is divided by b(17)?
24
Let s(k) = -2*k**2 - k - 7. Let o be s(-3). Let r = 23 + o. What is the remainder when r is divided by (2/(-3))/(12/(-18))?
0
Let y = 15332 - 15327. Calculate the remainder when 456 is divided by y.
1
Let p = -8 + 28. What is the remainder when (-29)/(754/(-286)) - (-5 - 69/3) is divided by p?
19
Let m = -457 - -808. Let o = m - 329. Calculate the remainder when 107 is divided by o.
19
Let t = -53 - -112. Suppose 0 = -4*z + 7*z - 27*z + 576. What is the remainder when t is divided by z?
11
Let n(l) = 2*l**2 - 43*l - 162. Calculate the remainder when n(-8) is divided by 147.
16
Suppose -802*p - 459 = -806*p - l, 0 = 4*p + 3*l - 441. Calculate the remainder when p is divided by 3*((-2)/(-2) - -3).
9
Suppose 39*r = -31*r + 25729 - 3049. What is the remainder when 670 is divided by r?
22
Calculate the remainder when (262*(-5)/(-30))/(2/6) is divided by (-4554)/(-270) - (56/30 - 2).
12
Let z(r) = r**3 + 12*r**2 + 33*r + 2. Let x be z(-4). Calculate the remainder when (-2)/(-5)*(93 - x) is divided by 10.
8
Let m(u) = -4*u - 23. Let a be m(-6). What is the remainder when 104 - ((-3 - -5) + 9/3) is divided by 3 + -5 + 22/a?
19
Let c = -1331 - -1548. Calculate the remainder when c is divided by 121.
96
Suppose 0 = -5*q - p + 486, -p = -3*q + 135 + 147. Let s(a) = a**2 + 3*a - 1. What is the remainder when q is divided by s(4)?
15
Let d(z) = -z**2 - 14*z - 12. Let j be d(-12). Let x = j - -95. Let o(b) = 6*b**2 - 2. Calculate the remainder when x is divided by o(-2).
19
Suppose 0 = 5*g - 2*d - 57, 0 = -4*g - 3*d + 26 + 38. Suppose -4*b + 8*w = g*w - 103, -2*b - w = -59. Calculate the remainder when 174 is divided by b.
14
What is the remainder when -1603*(-7 - -2)/5*(2 - 1) is divided by 73?
70
Let v = -42 + 24. Let k = 1156 + -1050. Let d = v + k. What is the remainder when d is divided by 18?
16
Suppose -71 - 65 = -4*h + 3*a, 34 = h + 4*a. Calculate the remainder when 845 is divided by h.
29
Let m(h) = -h**2 - 5*h + 10 + h - 1 + 0. Calculate the remainder when 16 is divided by m(-5).
0
Suppose 0 = 5*u - 4*f - 12, -3*u = f + 35 - 49. Calculate the remainder when (10/(-4))/((-20)/u)*1678 is divided by 70.
69
Let u be (-2)/8 + (-330)/48*-278. Suppose 0 = 96*a - 89*a - u. Calculate the remainder when a is divided by 11.
9
Suppose -3*n = -7*n - 4*s + 588, 5*n - 5*s - 725 = 0. What is the remainder when n is divided by 48?
2
Let b be (-76)/18 + 4/18 - 25. Let u = b - -120. What is the remainder when u is divided by 32?
27
Let y = 2209 + -1798. What is the remainder when y is divided by 83?
79
Suppose -137*b + 111*b + 4212 = 0. Calculate the remainder when 1943 is divided by b.
161
Let y be ((-16)/48)/((2/69)/(-2)). Suppose 162 + 321 = y*p. Calculate the remainder when 47 is divided by p.
5
Let k(w) = 18*w - 12. Let c(s) = -3*s + 48. Let d = -3 - -18. Let y be c(d). Calculate the remainder when k(y) is divided by 11.
9
Let z be 5/3*10*(-84)/8. Let k = 280 + z. What is the remainder when 415 is divided by k?
100
Suppose -31*n = -46 - 16. Suppose -2*l + 42 = -2*b - n, -4*b - 25 = -l. What is the remainder when 269 is divided by l?
17
Let m(t) = -2*t**2 + 26*t + 11. Suppose 4*p + 58 = 2*u, 3*p - 3*u + 23 = p. Let k = p + 27. Calculate the remainder when k is divided by m(13).
0
Suppose -100*f - 82*f = -26*f - 3744. What is the remainder when 287 is divided by f?
23
Let j be (-531)/(-15) - 8/20. Let a be 110/(-7) + (-10)/j. Calculate the remainder when 20 is divided by 24/a*64/(-6) - 4.
8
Calculate the remainder when 317 is divided by (-6726)/(-31) + (-20)/(-620).
100
Let u(g) = 3*g - 61. Suppose -2*b = 3*b - 100. Let q be u(b). What is the remainder when (-182)/(-28)*(3 + q) is divided by 9?
4
Suppose -9*m = -8*m + 1. Let z be (5 + -28)/(m/2). Suppose g = z - 19. Calculate the remainder when 78 is divided by g.
24
Let d = -11928 + 12263. What is the remainder when d is divided by 21?
20
Suppose 3*t + 2*n - 60 = 0, 3*t - 2*t + 8 = 4*n. What is the remainder when 428 is divided by t?
12
Suppose 17*b + 21*b - 46*b = -4096. Calculate the remainder when b is divided by 237.
38
Suppose 4*i - 212 = w - 2*w, -15 = -3*i. Suppose -w*y = -194*y + 174. Calculate the remainder when y is divided by 40.
7
Let u be 56/6*(-183)/122. Let t(c) = -15*c + 2*c**3 - 15*c**2 - 3*c**3 - 1 + 5. What is the remainder when 50 is divided by t(u)?
14
Let p = -146 - -60. Let o = p - -91. Let j(r) = r**3 + 20*r**2 - 3*r - 50. What is the remainder when j(-20) is divided by o?
0
Let r = 146 + -126. Suppose p - r = 49. Calculate the remainder when p is divided by 39.
30
Let q be (-6)/(-3) + -3*6/(-9). Suppose 0 = 3*y + 3*g - 216, 7 = 2*y - q*g - 149. Calculate the remainder when 147 is divided by y.
73
Let a(g) = -177*g - 1514. What is the remainder when a(-24) is divided by 36?
34
Let f(c) = 214*c**3 - c**2. Let b(x) = 16*x - 200. What is the remainder when f(1) is divided by b(17)?
69
Suppose 5*r = 1480 + 255. Suppose -1 = -9*w + 62. What is the remainder when r is divided by w?
4
Let p(x) = 9*x + 171. Let a be p(-19). Suppose -26*b + 300 - 92 = a. Calculate the remainder when 70 is divided by b.
6
Let i be 111/(-2) - 7/14. Calculate the remainder when (i - 1)*(-1 - 4/(-12)) is divided by 22.
16
What is the remainder when (-22 + 4000/180)/(8/(-18))*-1102 is divided by 240?
71
Let j = 29 - 34. Let z be (5/j)/((-1)/(-27)). Let k = -2 - z. Calculate the remainder when 71 is divided by k.
21
Suppose -62*y - 1518 = 76*y. Suppose 5*n + 76 = 3*q, -2*n + 24 = 4*q - 2*q. Let s = y + q. Calculate the remainder when 14 is divided by s.
2
Let w(c) = 14*c + 16. Let x = 50 - 50. Suppose x + 9 = 3*v. What is the remainder when w(v) is divided by 15?
13
Let d = 300 - 167. Suppose 0 = 17*o - 29*o + 1320. Suppose -4*c = 2*f - o, -5*c + 4*f - 2*f + d = 0. Calculate the remainder when c is divided by 14.
13
Suppose 27*y - 5982 = -11*y + 14234. Calculate the remainder when y is divided by 253.
26
Let o(l) = 14*l**2 + 10*l - 28. What is the remainder when o(4) is divided by 66?
38
Let q(c) = -c**2 - 25*c + 92. Let w(l) = -l**3 - 7*l**2 - 8*l - 7. Let z be w(-4). Calculate the remainder when q(z) is divided by 50.
38
Suppose -d = -5, 4*l + 3*d = 3783 - 972. What is the remainder when l is divided by 19?
15
Let t = 306 - 290. Suppose 0 = 4*d + t, 0 = 3*a - 3*d + 45 - 429. Calculate the remainder when a is divided by 21.
19
What is the remainder when (-3847 - -17)*3/(-30) is divided by 125?
8
Suppose -11641 - 112 = -73*h. Calculate the remainder when 2252 is divided by h.
159
Suppose -877 = -t + 5*n, t + 25*n = 21*n + 841. What is the remainder when 892 is divided by t?
35
Let a(o) = -o**2 + 7*o + 16. Let z be a(8). Suppose 0 = 2*k + z - 14. Suppose k*i + 207 = 747. What is the remainder when i is divided by 46?
42
Let w = -1729 - -1116. Let g = -588 - w. Calculate the remainder when 59 is divided by g.
9
Let o(i) = -3*i**2 + 147*i - 372. What is the remainder when 332 is divided by o(46)?
38
Let y = -142 - -65. Calculate the remainder when 1/(-2 + y/(-38)) is divided by 4*(-15 - (-657)/36).
12
Let p be (((-6)/(-3))/2)/((-22)/(-10846)). Suppose 1312 - p = 39*b. What is the remainder when 56 is divided by b?
14
Suppose -15*a + 8*a + 7700 = 13*a. What is the remainder when a is divided by 136?
113
Suppose 5*s + 17*s = 66. What is the remainder when 13 is divided by 3 - 0 - (s/(-3) + -1)?
3
Calculate the remainder when 1690 is divided by (40 + -52)*(-10 - 3/(-1)).
10
Let c(y) = y**3 + 4*y**2 + 2*y + 1. Let w be c(-2). Suppose -28*i + 19*i + 45 = 0. Calculate the remainder when -26*(w/(-2) + 1) is divided by i.
4
Let m = 51 + -6. Let t be 4/(-3*(-28)/21). Calculate the remainder when 65 is divided by 775/m + (7/9 - t).
14
Su